304 + 276. List the prime factors of d.
2, 3, 5
Let x(l) = -l**2 + 18*l - 22. Let d(w) = -w**3 + 5*w**2 + 7*w + 2. Let c be d(6). What are the prime factors of x(c)?
2, 29
Suppose 5*s - c = 269, -2*c = s + 2*s - 164. List the prime factors of s.
2, 3
Let b be (-135)/(-18)*(-8)/(-10). Let m be (-70)/(-8) + 1/4. List the prime factors of b/(-9)*m*-3.
2, 3
What are the prime factors of -69*(-57 + -2 + 6)?
3, 23, 53
What are the prime factors of (-14)/7*((-38840)/(-5))/(-4)?
2, 971
Let i = -36 + 36. What are the prime factors of (i + -2 - -3)*139?
139
Let b(z) = 194*z + 89. What are the prime factors of b(6)?
7, 179
Let t = 97 + 726. What are the prime factors of t?
823
Suppose -5*a = 4*a - 5031. What are the prime factors of a?
13, 43
Suppose -9*k - 10 = -14*k. Suppose k*w - 9*w + 1260 = 0. What are the prime factors of w?
2, 3, 5
Let j(v) = v**3 - 6*v**2 + 7*v - 5. Let d be j(6). Let t = d - 5. List the prime factors of t + (-4 - (1 - 2)).
29
Let g be -1*(-15 + 4 + -8). Let u = g + -14. Suppose u*a - 8*a = -189. What are the prime factors of a?
3, 7
Suppose 0*j = 4*j - 12. Suppose j*q + 105 = -4*p + p, -5*p + 3*q = 191. Let g = -10 - p. What are the prime factors of g?
3
Let a be (-28)/(-21)*1*3. Suppose 4*n = 2*f + 14, 2*f - 14 = -2*n - a. Suppose -n*u + 29 = -23. List the prime factors of u.
13
Let f = 2867 + -430. What are the prime factors of f?
2437
Let b(z) = 7*z**3 + 10*z**2 + 14*z - 29. What are the prime factors of b(6)?
41, 47
Suppose -12*b = -b. Let n = 51 + -29. Let d = b + n. List the prime factors of d.
2, 11
Suppose -23*a = -25*a + 2*b + 40, -120 = -4*a - 4*b. What are the prime factors of a?
5
Let w be (-1 - 6*-3) + 4. Let v = 24 - w. Suppose 3*t = 4*p - 39, 1 = -p + v*t + 4. What are the prime factors of p?
2, 3
Let r be 33/(-55) + (-23)/(-5). Let x be 2/r + (-150)/(-4). Suppose -2*m - 4*f = -x, 3*f - f + 49 = 3*m. List the prime factors of m.
17
Let q = 33 + -21. Let h = q - -8. What are the prime factors of h?
2, 5
Let a = 11 + -6. Suppose -1 = 2*t + 5*q - 152, a*t + 4*q - 335 = 0. What are the prime factors of t?
3, 7
Let t = 883 - -114. What are the prime factors of t?
997
Let q = 1 - -2. Suppose 160 = -i + q*i. Suppose i = 5*t - t. List the prime factors of t.
2, 5
What are the prime factors of 3 + (4 - -2290) + -7 + 1?
29, 79
Let c be 16/40 - (-8)/5. Suppose -2*p + 5*b + 56 = -23, c*p - 4*b - 78 = 0. List the prime factors of p.
37
Let w = -126 - -214. Suppose 4*h - l - w = 0, -3*h + 5*l = 2*h - 110. What are the prime factors of h?
2, 11
Suppose -n + 5*y + 0*y + 78 = 0, 16 = -4*y. Let u = 31 + n. List the prime factors of u.
89
Suppose -65*q - 172 = -67*q. What are the prime factors of q?
2, 43
Let c = -23 + 26. Suppose 7*u - c*u = 28. Suppose u = 2*q - 29. List the prime factors of q.
2, 3
Let u = 20 + -4. Let g = -10 + u. List the prime factors of (-3 - -21)*g/4.
3
Suppose -6*n - 2 = -26. Suppose -93 + 205 = n*l. List the prime factors of l.
2, 7
Let t(f) = 96*f - 372. What are the prime factors of t(7)?
2, 3, 5
Let w(a) = -2*a + 25. Let v be w(15). What are the prime factors of (130 - 2)*(15/(-4))/v?
2, 3
Let v(l) = 105*l + 275. What are the prime factors of v(28)?
5, 643
Suppose -408 - 102 = -2*p. What are the prime factors of p?
3, 5, 17
Suppose 3*s + 4*k = 656 - 87, 3*s + 2*k = 577. List the prime factors of s.
3, 5, 13
Suppose 4*c - 9 - 7 = 0. Let n(m) be the third derivative of m**4/24 - m**3/6 - 52*m**2. List the prime factors of n(c).
3
List the prime factors of 0 - -2878 - 6 - 2.
2, 5, 7, 41
List the prime factors of (96/72)/(1/(-147)*-2).
2, 7
Suppose 0 = -4*b - 16, 2*b + 0*b + 6 = u. Let q(t) = -12*t**3 + t**2 + 2*t + 2. List the prime factors of q(u).
2, 7
Suppose -6*o - 112 = -2*o. Let a = o + 99. What are the prime factors of a?
71
Suppose -8947 + 1197 = -25*l. List the prime factors of l.
2, 5, 31
Suppose 5*u - u = 72. Suppose u = -4*c + 2. List the prime factors of c/2 - (-41 - -6).
3, 11
Let n(l) = -5*l - 5. Let w(c) = 2*c**2 - 12*c + 7. Let u be w(5). What are the prime factors of n(u)?
2, 5
Let o be (-1)/(2/6) - -5. Suppose t = 3*l - 61 - 2, l - o*t = 26. Suppose 3*j - l = 64. List the prime factors of j.
2, 7
Let x(g) = -g**2 + 16*g - 9. Let u be x(12). Suppose 35*a - u*a = -8. Suppose 0 = a*q - 5*q + 192. What are the prime factors of q?
2
Let z(n) = -n**3 + 16*n**2 - 9*n + 18. Let j be z(14). Suppose 2*m = -0*m + j. List the prime factors of m.
2, 71
Suppose -912 = 105*s - 111*s. What are the prime factors of s?
2, 19
Let u be (-20)/(-3)*(-6)/(-5). Suppose 0 = 2*v + u, -44 = -5*b - 5*v + v. Suppose 4*w + 4 = 5*l - b, w - 1 = 0. List the prime factors of l.
2
Suppose -3231 = 4*b - 11155. List the prime factors of b.
7, 283
Let o be 8/(-3 + (-35)/(-10)). Let l(r) = -r**2 + 18*r + 9. List the prime factors of l(o).
41
Let x(j) = 23*j**2 - 4*j + 12. What are the prime factors of x(-7)?
3, 389
Suppose -9*s = -1073 - 3103. Suppose 5*b = 4*y - 0*y + 784, -4*y = -3*b + s. What are the prime factors of b?
2, 5
Suppose 2*n + n - 9 = 0. Suppose j = n + 1. Suppose -j*d - 3 = -5*d. What are the prime factors of d?
3
Let c = 443 + -251. Suppose 7*p = c + 95. What are the prime factors of p?
41
Suppose 4*l + 4*b - 2944 = 7*b, 2*l - 3*b = 1472. What are the prime factors of l?
2, 23
Let l be 7 - (0 - (3 - 5)). Suppose -6*f = l*f - 1078. List the prime factors of f.
2, 7
Suppose 281*w - 290*w + 4833 = 0. What are the prime factors of w?
3, 179
Let t(z) = 345 + 54*z - 348 + 27*z. List the prime factors of t(1).
2, 3, 13
Let w(i) = 60*i**3 - i**2 + i - 4. Let f(l) = -119*l**3 + 2*l**2 - 3*l + 8. Let b(h) = -3*f(h) - 5*w(h). List the prime factors of b(1).
2, 7
Let l be (-6)/4*6/9. Let r(d) = -d**3 + 2*d**2 - 1. Let x be r(l). Suppose -o + 72 = x*o. What are the prime factors of o?
2, 3
Let t(f) = -2*f**2 + 31*f - 59. List the prime factors of t(11).
2, 5
Let r = 1302 + -1053. What are the prime factors of r?
3, 83
Let z(s) = 50*s**2 - 5*s + 5. Let u be z(2). Suppose 13*q - 8*q = u. List the prime factors of q.
3, 13
Suppose 66*r = 130237 + 53705. List the prime factors of r.
3, 929
Let i be 4*((-9)/(-2) - 3). Let a be (1/(-2))/(i/(-48)). Suppose a*y - 55 + 17 = -2*x, -x + 3*y + 24 = 0. What are the prime factors of x?
3, 7
Suppose -4*i - 2*m - 2 = 0, -2*i - 2*i - m = -3. What are the prime factors of i + (-8)/5 + 136/10?
2, 7
Suppose 0 + 20 = 5*a. Suppose 10*f - a*f - 84 = 0. What are the prime factors of f?
2, 7
Let o be (-749)/(-3) + 10/(-6) + 1. Suppose 3*t - 15 = 3*w - o, 5*w - 390 = -3*t. What are the prime factors of w?
2, 3, 13
Let t be -4 - (-3 + 2 + -5). Suppose 3*v = -t*i + 45, 0*v + v + 3 = 0. List the prime factors of i.
3
Suppose 4*n - 9*n = 135. Let s = n - -78. List the prime factors of s.
3, 17
Suppose -4*a - 2*p = -3716, 2*a = -11*p + 7*p + 1858. What are the prime factors of a?
929
Let h(m) = 2*m**2 + 4*m - 16. Let r be h(4). Suppose 4*s - r = 3*s. List the prime factors of s.
2
What are the prime factors of 859 + (36/(-126))/(1/(-14))?
863
Suppose 10 = -2*w - 4. Let a = 36 + w. List the prime factors of a.
29
Let m(o) = -12*o + 3 - 12*o + 20*o. Let s be 0 + 1 - (6 + -1). What are the prime factors of m(s)?
19
Let q be 23/5 + 2/5. Suppose 2*j + 5*w - 123 = -45, 0 = q*j - 3*w - 195. Suppose -4*m - 55 = -3*n, -2*n - 1 + j = -3*m. List the prime factors of n.
13
Suppose v - 4*t + 4 = 12, -2*v + 46 = -2*t. What are the prime factors of v?
2, 7
Let m(z) = -z**3 - 5*z**2 + 10*z + 7. Let a be 0 + -2 - 35/7. List the prime factors of m(a).
5, 7
Let g = -8 + 8. Suppose g = -5*c + 3*c. Let u = 31 + c. What are the prime factors of u?
31
Suppose -4*c + 32 + 653 = -5*k, c = 5*k + 190. Let x = 272 - c. What are the prime factors of x?
107
Let b(g) be the second derivative of g**7/840 - g**6/120 + g**5/20 + g**4/12 - 5*g. Let c(d) be the third derivative of b(d). List the prime factors of c(4).
2, 3, 5
Suppose 4*v - 481 = -2*f - 71, -6*v + 4*f = -594. What are the prime factors of v?
101
Suppose 2*u + 3*h = -72, 2*h + 14 = -4*u - 146. What are the prime factors of 1 + 2 - (u + 5)?
2, 5
List the prime factors of (-3604)/16*-2 - 2/(-4).
11, 41
Let p(o) = -7*o**3 + 6*o**2 + 10*o + 6. Let j be p(-4). Suppose -n = 4*n - j. List the prime factors of n.
2, 3, 17
Let k(b) = -b**3 + 4*b**2 + b + 15. Let m be k(-6). L